{"id":8,"date":"2024-07-15T11:21:12","date_gmt":"2024-07-15T09:21:12","guid":{"rendered":"https:\/\/artisanetarchitectedejardin.be\/?page_id=8"},"modified":"2024-07-15T11:21:12","modified_gmt":"2024-07-15T09:21:12","slug":"nos-services","status":"publish","type":"page","link":"https:\/\/artisanetarchitectedejardin.be\/index.php\/nos-services\/","title":{"rendered":"Nos services"},"content":{"rendered":"\n<p>Nous nous d\u00e9pla\u00e7ons avec notre propre mat\u00e9riel sur les chantiers, et, si n\u00e9cessaire, des engins sp\u00e9cifiques seront lou\u00e9s.<br>Sauf intemp\u00e9ries importantes (gel, neige ou terrain inond\u00e9), nous travaillons les douze mois de l&rsquo;ann\u00e9e.<\/p>\n\n\n\n<p>Nous nous occupons de la conception sur plan du futur jardin, de la plantation des massifs, de l&rsquo;implantation des pelouses, avec, si n\u00e9cessaire, construction de retenues en bois ou de murs en pierre s\u00e8che, de terrasses en bois ou en pierres naturelles.<br>Nous pla\u00e7ons aussi, si n\u00e9cessaire, l&rsquo;arrosage int\u00e9gr\u00e9 et l&rsquo;\u00e9clairage.<br>Nous proposons aussi la conception de pi\u00e8ces d&rsquo;eau et de piscines naturelles, ainsi que la construction d&rsquo;abris de jardin ou poolhouse.<\/p>\n\n\n\n<h4 class=\"wp-block-heading\">Grand chantier \u00e0 Bierges &#8211; printemps 2016<\/h4>\n\n\n\n<div class=\"wp-block-columns is-layout-flex wp-container-core-columns-is-layout-28f84493 wp-block-columns-is-layout-flex\">\n<div class=\"wp-block-column is-layout-flow wp-block-column-is-layout-flow\">\n<figure class=\"wp-block-image size-large\"><img loading=\"lazy\" decoding=\"async\" width=\"1024\" height=\"768\" src=\"https:\/\/artisanetarchitectedejardin.be\/wp-content\/uploads\/2024\/07\/IMG_0174-1024x768.jpg\" alt=\"\" class=\"wp-image-10\" srcset=\"https:\/\/artisanetarchitectedejardin.be\/wp-content\/uploads\/2024\/07\/IMG_0174-1024x768.jpg 1024w, https:\/\/artisanetarchitectedejardin.be\/wp-content\/uploads\/2024\/07\/IMG_0174-300x225.jpg 300w, https:\/\/artisanetarchitectedejardin.be\/wp-content\/uploads\/2024\/07\/IMG_0174-768x576.jpg 768w, https:\/\/artisanetarchitectedejardin.be\/wp-content\/uploads\/2024\/07\/IMG_0174-1536x1152.jpg 1536w, https:\/\/artisanetarchitectedejardin.be\/wp-content\/uploads\/2024\/07\/IMG_0174-2048x1536.jpg 2048w\" sizes=\"auto, (max-width: 1024px) 100vw, 1024px\" \/><\/figure>\n<\/div>\n\n\n\n<div class=\"wp-block-column is-layout-flow wp-block-column-is-layout-flow\">\n<p>Avec piscine naturelle, cr\u00e9\u00e9 par Philippe. Terrain profil\u00e9 et \u00e9galis\u00e9 par un grutier professionnel.<br>Creusement du trou de la piscine naturelle, une dalle en b\u00e9ton arm\u00e9e a \u00e9t\u00e9 coul\u00e9, ensuite des murs en parpaings creux ont \u00e9t\u00e9 construit, dans ceux-ci un ferraillage fut plac\u00e9 avant de couler du b\u00e9ton dans les blocs. Apr\u00e8s quelques jours de s\u00e9chage, il y a eu le placement d&rsquo;une b\u00e2che en caoutchouc en EPDM. 12 tonnes de gravier de lave volcanique ont \u00e9t\u00e9 plac\u00e9 dans la partie du lagunage dans laquelle fut plant\u00e9 des plantes dont les racines filtreront l&rsquo;eau. La partie technique, pompes, filtres etc se trouve sous une partie de la terrasse en bois, celle-ci \u00e9tant construite en p\u00e9riph\u00e9rie de la piscine naturelle.<\/p>\n<\/div>\n<\/div>\n\n\n\n<h4 class=\"wp-block-heading\">Chantier moyen \u00e0 Sambreville &#8211; hiver 2015<\/h4>\n\n\n\n<div class=\"wp-block-columns is-layout-flex wp-container-core-columns-is-layout-28f84493 wp-block-columns-is-layout-flex\">\n<div class=\"wp-block-column is-layout-flow wp-block-column-is-layout-flow\">\n<figure class=\"wp-block-image size-large\"><img loading=\"lazy\" decoding=\"async\" width=\"768\" height=\"1024\" src=\"https:\/\/artisanetarchitectedejardin.be\/wp-content\/uploads\/2024\/07\/IMG_0582-768x1024.jpg\" alt=\"\" class=\"wp-image-11\" srcset=\"https:\/\/artisanetarchitectedejardin.be\/wp-content\/uploads\/2024\/07\/IMG_0582-768x1024.jpg 768w, https:\/\/artisanetarchitectedejardin.be\/wp-content\/uploads\/2024\/07\/IMG_0582-225x300.jpg 225w, https:\/\/artisanetarchitectedejardin.be\/wp-content\/uploads\/2024\/07\/IMG_0582-1152x1536.jpg 1152w, https:\/\/artisanetarchitectedejardin.be\/wp-content\/uploads\/2024\/07\/IMG_0582-1536x2048.jpg 1536w, https:\/\/artisanetarchitectedejardin.be\/wp-content\/uploads\/2024\/07\/IMG_0582-scaled.jpg 1920w\" sizes=\"auto, (max-width: 768px) 100vw, 768px\" \/><\/figure>\n<\/div>\n\n\n\n<div class=\"wp-block-column is-layout-flow wp-block-column-is-layout-flow\">\n<p>R\u00e9habilitation d&rsquo;une roseraie ornementale et architecturale cr\u00e9\u00e9e en 1995, ce travail fut effectu\u00e9 par Pascal, Philippe, sous la surveillance de l&rsquo;auteur du projet de l&rsquo;\u00e9poque, Monsieur Emmanuel d&rsquo;Hennezel, grand architecte paysager.<br>Nous avons arrach\u00e9 toutes les plantes malades et d\u00e9g\u00e9n\u00e9r\u00e9es, buxus, malus japonica, rosiers.<br>Remplacement d&rsquo;une partie de la terre dans certains massifs de rosiers.<br>Remplacement des bordures le long des massifs et r\u00e9alignement des haies en taxus.<br>Tailles des haies en carpinus betulus (charmes) et r\u00e9alignements de celles-ci.<br>Remise en \u00e9tat des chemins, nouvelle dolomie.<br>Nouvelle plantation des buxus et de rosiers, et malus japonica.<br>Cr\u00e9ation des nouvelles pelouses dans l&rsquo;ensemble de la roseraie.<\/p>\n\n\n\n<p>Nous entretenons maintenant cette roseraie r\u00e9guli\u00e8rement depuis l&rsquo;ann\u00e9e 2015.<\/p>\n<\/div>\n<\/div>\n\n\n\n<h4 class=\"wp-block-heading\">Petit chantier \u00e0 Forest &#8211; hiver 2016-2017<\/h4>\n\n\n\n<div class=\"wp-block-columns is-layout-flex wp-container-core-columns-is-layout-28f84493 wp-block-columns-is-layout-flex\">\n<div class=\"wp-block-column is-layout-flow wp-block-column-is-layout-flow\">\n<figure class=\"wp-block-image size-large\"><img loading=\"lazy\" decoding=\"async\" width=\"768\" height=\"1024\" src=\"https:\/\/artisanetarchitectedejardin.be\/wp-content\/uploads\/2024\/07\/IMG_1102-768x1024.jpg\" alt=\"\" class=\"wp-image-12\" srcset=\"https:\/\/artisanetarchitectedejardin.be\/wp-content\/uploads\/2024\/07\/IMG_1102-768x1024.jpg 768w, https:\/\/artisanetarchitectedejardin.be\/wp-content\/uploads\/2024\/07\/IMG_1102-225x300.jpg 225w, https:\/\/artisanetarchitectedejardin.be\/wp-content\/uploads\/2024\/07\/IMG_1102-1152x1536.jpg 1152w, https:\/\/artisanetarchitectedejardin.be\/wp-content\/uploads\/2024\/07\/IMG_1102-1536x2048.jpg 1536w, https:\/\/artisanetarchitectedejardin.be\/wp-content\/uploads\/2024\/07\/IMG_1102-scaled.jpg 1920w\" sizes=\"auto, (max-width: 768px) 100vw, 768px\" \/><\/figure>\n<\/div>\n\n\n\n<div class=\"wp-block-column is-layout-flow wp-block-column-is-layout-flow\">\n<p>Ce jardin \u00e9tait, comme la maison compl\u00e8tement abandonn\u00e9. Nous avons \u00e9vacu\u00e9 l&rsquo;ensemble des d\u00e9chets et plantes inint\u00e9ressantes, seuls les rosiers grimpants et arbustifs ont \u00e9t\u00e9 conserv\u00e9.<\/p>\n\n\n\n<p>Dans le fond du jardin un soutien de terre en palplanche rainur\u00e9 languet\u00e9 a \u00e9t\u00e9 construit, un abri de jardin int\u00e9gr\u00e9 dans le talus et appuy\u00e9 sur le mur mitoyen a \u00e9t\u00e9 cr\u00e9\u00e9.<\/p>\n\n\n\n<p>Une tranch\u00e9e sur la longueur du jardin fut creus\u00e9e afin d&rsquo;amener l&rsquo;eau et l&rsquo;\u00e9lectricit\u00e9 vers l&rsquo;abri de jardin. En descendant vers la maison, une retenue de terre et un escalier furent construits ainsi qu&rsquo;une terrasse en bois naturelle, en fin de chantier la pelouse fut sem\u00e9e.<\/p>\n\n\n\n<p>Nous avons pu profiter de la r\u00e9novation compl\u00e8te de la maison pour passer les d\u00e9chets, les mat\u00e9riaux et le mat\u00e9riel.<\/p>\n<\/div>\n<\/div>\n","protected":false},"excerpt":{"rendered":"<p>Nous nous d\u00e9pla\u00e7ons avec notre propre mat\u00e9riel sur les chantiers, et, si n\u00e9cessaire, des engins sp\u00e9cifiques seront lou\u00e9s.Sauf intemp\u00e9ries importantes (gel, neige ou terrain inond\u00e9), nous travaillons les douze mois de l&rsquo;ann\u00e9e. Nous nous occupons de la conception sur plan du futur jardin, de la plantation des massifs, de l&rsquo;implantation des pelouses, avec, si n\u00e9cessaire, [&hellip;]<\/p>\n","protected":false},"author":1,"featured_media":0,"parent":0,"menu_order":0,"comment_status":"closed","ping_status":"closed","template":"","meta":{"footnotes":""},"class_list":["post-8","page","type-page","status-publish","hentry"],"_links":{"self":[{"href":"https:\/\/artisanetarchitectedejardin.be\/index.php\/wp-json\/wp\/v2\/pages\/8","targetHints":{"allow":["GET"]}}],"collection":[{"href":"https:\/\/artisanetarchitectedejardin.be\/index.php\/wp-json\/wp\/v2\/pages"}],"about":[{"href":"https:\/\/artisanetarchitectedejardin.be\/index.php\/wp-json\/wp\/v2\/types\/page"}],"author":[{"embeddable":true,"href":"https:\/\/artisanetarchitectedejardin.be\/index.php\/wp-json\/wp\/v2\/users\/1"}],"replies":[{"embeddable":true,"href":"https:\/\/artisanetarchitectedejardin.be\/index.php\/wp-json\/wp\/v2\/comments?post=8"}],"version-history":[{"count":1,"href":"https:\/\/artisanetarchitectedejardin.be\/index.php\/wp-json\/wp\/v2\/pages\/8\/revisions"}],"predecessor-version":[{"id":13,"href":"https:\/\/artisanetarchitectedejardin.be\/index.php\/wp-json\/wp\/v2\/pages\/8\/revisions\/13"}],"wp:attachment":[{"href":"https:\/\/artisanetarchitectedejardin.be\/index.php\/wp-json\/wp\/v2\/media?parent=8"}],"curies":[{"name":"wp","href":"https:\/\/api.w.org\/{rel}","templated":true}]}}